(-3). Suppose -87 = -3*a - n. What is the tens digit of a?
2
Suppose 132 = -4*f - 300. Let s = 174 + f. What is the tens digit of s?
6
Let s = 1515 + -883. What is the tens digit of s?
3
Let d(z) = 2*z**2 - 6*z - 12. Suppose 6 = -13*p + 12*p. What is the tens digit of d(p)?
9
What is the tens digit of ((6/15)/1)/(84/37380)?
7
Let h(a) be the first derivative of -9*a**2 + 50*a - 17. What is the hundreds digit of h(-7)?
1
Let u be 0*(-5)/(-25) - -107. Suppose -u - 31 = -3*v. What is the tens digit of v?
4
What is the units digit of (-2268)/(-8) + (-5)/(-20)*2?
4
Suppose 4*m - 26 = 3*q, -q - 23 = -5*m - 2*q. Suppose 4*g = -4*a + g - 15, 0 = -m*a - 2*g - 17. What is the units digit of (5/10)/(a/(-156))?
6
Let d(s) = s - 2. Let o be d(7). Suppose -o*r + 5 = -4*r. Suppose r = -j + 23. What is the units digit of j?
8
What is the hundreds digit of 6 + (-10245)/(-51) - (-6)/51?
2
Suppose -l + 5*l = -g + 596, l = 4*g - 2299. Suppose g = -3*z + 5*z. What is the tens digit of 8/10 + z/15?
2
Suppose i - 4*g - 13 = -0*g, 4 = -2*i - 2*g. What is the tens digit of (-1 + 30/1)/i?
2
Let g be 4/(-6)*150/(-20). Suppose d = 3*d - 442. Suppose k = -4*m - 0*k + 233, -g*k = 4*m - d. What is the units digit of m?
9
Suppose 3*m + m = -8*m. Suppose -c + 150 + 81 = m. What is the units digit of c?
1
Let f = -1 - -15. Let s = f - 49. Let w = -8 - s. What is the units digit of w?
7
Let v be -2 - (-2*3 + -2). Let u(l) = -l**2 - 1 - v - 20*l + 6*l. What is the tens digit of u(-10)?
3
Let m(w) = 2*w**2 - 10*w + 45. What is the tens digit of m(16)?
9
Suppose -5*a + 2035 = 3*d, -2*d - 3*d = 2*a - 833. What is the units digit of a?
4
Let s(c) = -60*c - 88. What is the units digit of s(-44)?
2
Let a be ((-12)/21)/(-4 + (-54)/(-14)). Suppose 12 = 3*v, v + 4 = 4*x + 2*v. Suppose -5*u = -5*s - 60, u - 4*s - s - a = x. What is the units digit of u?
4
Let j(n) = -6 + 0 + 22 + n**2. What is the units digit of j(9)?
7
Let i = 3 - 5. Let n = i + -5. What is the tens digit of 182/n*(-2)/4?
1
Let h = -67 - -46. Let m = h + 18. Let w(q) = -4*q + 4. What is the units digit of w(m)?
6
Let t(y) = y**3 - 8*y**2 + 5*y - 14. What is the units digit of t(13)?
6
Let v = 398 + -152. What is the tens digit of v?
4
Suppose -2*b + 24 = 4*f, 2*f - 2*b - 16 = -2*f. Suppose -4*a + 17 + 23 = 5*c, -2*c + 50 = f*a. What is the tens digit of a/50 - 134/(-5)?
2
Suppose -27*f = -26*f - 603. What is the tens digit of f?
0
Suppose -d + 350 = -5*c, 2*c + 689 = 2*d + 3*c. What is the hundreds digit of d?
3
Suppose -4*w + 11 = 5*m, 5*w = 2*m + 2 - 13. Suppose -m*s = 5*t - 1592, -3*s + 2*s - 1576 = -5*t. What is the hundreds digit of t?
3
Let h = 17 + -6. Suppose h*x + 200 = 16*x. Suppose -p - 4*n - x = -6*p, -5*p = -3*n - 45. What is the tens digit of p?
1
Let h = 4712 - 937. What is the thousands digit of h?
3
Let k = 1761 + 2376. What is the units digit of k?
7
Let i(b) be the second derivative of 0 - 6*b - 7/3*b**3 - 1/12*b**4 + 3*b**2. What is the units digit of i(-13)?
9
Let x be (2/(-4) - 1)/(2/(-4)). What is the tens digit of (-1)/(x*2/18) - -32?
2
Suppose -49106 = -43*s + 8944. What is the tens digit of s?
5
Let x = 9231 + -6423. What is the thousands digit of x?
2
Suppose w + 3 + 2 = 0, -y - 5 = 4*w. Suppose -5*j = -y + 90. What is the tens digit of -1*j/1 + -1?
1
Let g be 19/((-55)/(-15) + -4). Let q = -16 - g. What is the units digit of q?
1
Let r(q) = -q**3 - 5*q**2 + q - 2. Let g be r(-5). Let n be (-2)/g - (-54)/7. Suppose -8 - n = -4*o. What is the units digit of o?
4
Suppose 0 = -4*s - 4*q - 24, -s + 4 = -5*s + q. Let j be (-2 + s)*(-2 + 1). Suppose -18 - j = -c. What is the units digit of c?
2
Let s = 589 + -262. Suppose -f = -5*f, -3*i = 2*f - s. What is the hundreds digit of i?
1
Let k be (-13 - -1)*(-10)/4. Suppose -2*v + k = -2*b, -5*v + b = -86 + 19. Suppose -4*l - m = -107, -m - v + 66 = 2*l. What is the tens digit of l?
2
Suppose 13 = h - 74. Suppose 0*b = 5*b + g - 457, h = b - 2*g. What is the tens digit of b?
9
Suppose -p = -5*p + 4*y + 24, -5*p + 2*y + 24 = 0. Suppose 0 = -5*g + 1 + 24, 21 = p*a + g. Suppose 0 = a*m - 33 - 31. What is the tens digit of m?
1
Let s(j) = j**3 - 14*j**2 - 15*j + 22. Let n be (0 - -1)/(3/(-72)). Let w be n/20*(-50)/4. What is the units digit of s(w)?
2
Suppose -6*r + 19*r - 18421 = 0. What is the hundreds digit of r?
4
Suppose 6*i - 15 = 2*i + 5*n, 2*n + 6 = 5*i. Suppose b = 2*t - i*b - 32, -t - b = -13. What is the tens digit of t?
1
Let z be 1/(((-2)/5)/(-2)). Suppose 2*w = z*y + 11, -2*w - 1 + 10 = -3*y. Suppose -m - 68 = -w*m. What is the tens digit of m?
3
Let z(r) = -9*r + 2. Let d(y) be the third derivative of -3*y**4/8 + y**3/3 - y**2. Let p(j) = -6*d(j) + 5*z(j). What is the tens digit of p(3)?
2
Let p(j) = 10*j**3 - 24*j**3 - 2 + 7*j**2 + 5*j + 1 + 15*j**3. Let k(h) = h**3 + h**2 - 6. Let x be k(0). What is the units digit of p(x)?
5
Suppose -5*q - 45 = 5*b, 2*q + 39 = -2*q - 5*b. Suppose -4*r + 0 = k + 7, 35 = -5*r + 4*k. What is the units digit of r*(22/q - 1)?
4
Let b(t) = 855*t + 27. What is the hundreds digit of b(2)?
7
What is the hundreds digit of (60/50)/3 + (-14608)/(-5)?
9
Let n = -17 - -19. Suppose -4*j - 4*z = -516, 2*z + 124 = n*j - 130. What is the tens digit of (j/(-12))/2*-6?
3
Suppose -10*v = -15*v + 40. Suppose 215 = -v*w + 13*w. What is the units digit of w?
3
Suppose -4*s + 2135 = 2*i + 3*i, 5*s - 2725 = 5*i. What is the units digit of s?
0
Suppose 0 = -4*j - 2*l + 12, 5*j + l - 21 = -3*l. Let x = 48 + j. What is the tens digit of x?
4
Let u = -21333 + 14585. What is the units digit of ((u/8)/7*-2)/1?
1
Let h(v) = -4*v**2 - 11*v + 0 + 3*v**2 + 1. Suppose -3*q - 1 = -j - 0, -5*j - 31 = -3*q. What is the tens digit of h(j)?
2
Suppose 3*r = 2*r + y - 137, y = -r - 135. Let i = r - -211. What is the units digit of i?
5
Suppose -115 = 5*d - 6*d - g, 559 = 5*d + g. What is the hundreds digit of d?
1
Let w(u) = -u**2 - 7*u - 9. Let s be w(-6). Let a be s/(1 - 10/4). Let k(z) = 7*z**2 - 3*z + 1. What is the units digit of k(a)?
3
Let w(s) = -13*s + 30. Let u be w(0). What is the units digit of 2/(-12) + (-6 - (-2825)/u)?
8
Suppose -44*x = 2*b - 39*x - 660, 3*b - 5*x = 940. What is the tens digit of b?
2
Let r(m) = -m**3 + 3*m**2 - 2*m + 4. Let c be r(6). Let j = 261 + c. Suppose -7*l + 2*l + j = 0. What is the tens digit of l?
2
Let f(a) = -a**3 + 8*a**2 - 5*a + 10. Let m be f(5). Let w = 5 + m. What is the units digit of w?
5
Let k(s) = s**2 - 1. Suppose -3*f - 3*y = 21, 0 = -f + 2*y - 0*y + 8. What is the units digit of k(f)?
3
Let i = 52 - -608. Suppose -i = -5*y + 5*u, 3*y + 2*u = 369 + 42. Suppose -y - 145 = -5*h. What is the tens digit of h?
5
Let h = 231 - -219. What is the hundreds digit of h?
4
Suppose 0 = -3*s - 2*s + 2*a + 31, 0 = -3*s - 2*a + 25. Let i = 4 - 4. Suppose -4*z = q - s - 1, i = -2*q + 4*z + 28. What is the tens digit of q?
1
Let i(h) = -h**3 + 6*h**2 + 5*h + 4. Let j be i(6). Let z = 28 - j. What is the units digit of ((-2)/z)/(11/1287)?
9
Suppose 0 - 3 = r. Let j(f) = f**3 + 7*f**2 + 2*f + 2. Let p(w) = w**3 + 8*w**2 + 2*w + 2. Let m(s) = -7*j(s) + 6*p(s). What is the units digit of m(r)?
2
Suppose g - 73 = -2*h + 2*g, 5*h - 178 = g. What is the units digit of (h + 12/(-3))/1?
1
Suppose 5*y - 489 = -3*u, 4*y + 0*u - 390 = -2*u. What is the units digit of y?
6
Suppose 5*y + 15 = 2*c - 0*c, -4*c + 3 = -y. Let g be 0/(-4) - (-2 - y). Let w(f) = -19*f. What is the tens digit of w(g)?
1
Suppose -2*i - 4*k - 12 = 0, -2*k = -7*i + 3*i + 16. Suppose -i*s + 62 + 46 = 0. What is the tens digit of s?
5
Let o = 5692 - 3091. What is the hundreds digit of o?
6
Let k(x) = -x + x + x + 0. Let a be k(-2). What is the units digit of 12 - (8/(-2))/a?
0
Let q(s) be the third derivative of 0 + 0*s - s**2 - 7/8*s**4 + 8/3*s**3 + 1/30*s**5. What is the units digit of q(11)?
7
Let r(u) = 632*u**2 + u. What is the tens digit of r(1)?
3
Let y be ((-6)/18)/(1/(-22))*6. Suppose -k = -y - 0. What is the units digit of k?
4
Let i = 18841 + -12662. What is the tens digit of i?
7
What is the hundreds digit of (-9)/(-12) - ((-15245)/20 + 11)?
7
Suppose -g + 591 = 2*g + 3*c, -607 = -3*g + c. What is the units digit of g?
1
Let l(u) = 6*u**3 + 2*u**2 + 2*u. Let y be l(-1). Suppose g + 4*f + 226 = 0, 6*g + 661 = 3*g + 5*f. What is the tens dig